(base 6) to base 4
30022
Convert 1091d (base 14) to base 9.
61134
3200 (base 6) to base 5
10340
60c (base 14) to base 8
2244
-1198 (base 12) to base 15
-8c8
Convert 12c1 (base 13) to base 10.
2692
What is 104 (base 7) in base 5?
203
Convert ab9 (base 12) to base 4.
120231
1536 (base 8) to base 13
514
Convert -356 (base 11) to base 13.
-268
What is -aea (base 15) in base 3?
-10101111
Convert 1110001110110000 (base 2) to base 11.
3a87a
What is 10a (base 15) in base 6?
1031
115350 (base 7) to base 8
51161
-17223 (base 8) to base 9
-11656
What is 1656 (base 12) in base 14?
d7c
1110211 (base 3) to base 15
4ba
29ca (base 14) to base 12
4372
Convert 10573 (base 10) to base 6.
120541
What is 24433 (base 5) in base 10?
1868
Convert -9bb1 (base 12) to base 10.
-17269
Convert 10403 (base 5) to base 12.
508
What is -26761 (base 10) in base 13?
-c247
Convert 17055 (base 8) to base 10.
7725
1c7a (base 16) to base 9
11000
What is -36033 (base 8) in base 12?
-8aa3
-124305 (base 6) to base 13
-5219
Convert -1021122022 (base 3) to base 10.
-25253
Convert 151a (base 13) to base 11.
2337
What is -104827 (base 9) in base 2?
-1111010010101110
What is 5425 (base 6) in base 8?
2331
Convert -1554 (base 15) to base 7.
-16231
Convert 3653 (base 9) to base 5.
41341
Convert -567 (base 10) to base 16.
-237
123224 (base 5) to base 8
11316
444 (base 7) to base 6
1020
What is 346c (base 15) in base 4?
2231313
1433 (base 5) to base 14
135
-c16 (base 13) to base 16
-7ff
What is -12145 (base 8) in base 4?
-1101211
Convert 14c (base 14) to base 13.
174
12212111 (base 3) to base 6
31451
Convert -100011100000 (base 2) to base 4.
-203200
Convert -102462 (base 7) to base 2.
-100010101000101
What is 2113 (base 6) in base 4?
13131
-211550 (base 6) to base 7
-101235
-b73 (base 15) to base 10
-2583
-55411 (base 6) to base 3
-101120121
What is 4129 (base 10) in base 14?
170d
What is 30330 (base 5) in base 12?
1179
What is -144002 (base 5) in base 14?
-2339
What is -6627 (base 11) in base 14?
-3285
Convert -6974 (base 11) to base 8.
-21704
Convert -15867 (base 11) to base 7.
-122060
11210 (base 4) to base 9
435
Convert -20413 (base 5) to base 6.
-10142
Convert -12553 (base 6) to base 3.
-2122220
Convert -14799 (base 12) to base 16.
-7065
Convert -20501 (base 6) to base 11.
-20a1
-1211001 (base 3) to base 9
-1731
Convert -31110 (base 4) to base 13.
-507
Convert 4311 (base 6) to base 8.
1723
Convert 2561 (base 9) to base 2.
11101111110
-10002000 (base 3) to base 2
-100011000001
What is -234 (base 7) in base 4?
-1323
What is 330221 (base 4) in base 11?
2a09
11421 (base 7) to base 4
232023
What is 100212121 (base 3) in base 8?
16036
11625 (base 9) to base 6
100035
Convert -24111 (base 6) to base 16.
-dab
Convert -14423 (base 7) to base 11.
-2aa4
Convert -11301 (base 5) to base 11.
-691
What is -12011123 (base 4) in base 14?
-9123
What is 472 (base 15) in base 14?
51d
What is -18c (base 14) in base 2?
-101000000
Convert -100f (base 16) to base 13.
-1b43
Convert 174 (base 12) to base 4.
3220
What is 11103 (base 7) in base 11?
2112
-48007 (base 11) to base 10
-69219
Convert 128 (base 14) to base 12.
174
Convert -1707 (base 15) to base 2.
-1001101011101
-13a03 (base 15) to base 13
-228a5
Convert -102010202 (base 3) to base 5.
-224440
-2010022 (base 3) to base 15
-6d2
What is -2410 (base 5) in base 8?
-543
What is 210100210 (base 3) in base 16?
3cd5
Convert -1545 (base 14) to base 4.
-323021
Convert a (base 16) to base 5.
20
What is 331 (base 5) in base 12?
77
What is -11023 (base 4) in base 15?
-171
Convert -42653 (base 8) to base 5.
-1032320
Convert 10006 (base 8) to base 12.
245a
What is 264 (base 10) in base 14?
14c
-cf46 (base 16) to base 14
-154a2
What is 801 (base 14) in base 7?
4401
-3993 (base 14) to base 15
-3000
Convert -990 (base 11) to base 15.
-543
-40a (base 15) to base 14
-490
1000 (base 7) to base 9
421
-cca (base 13) to base 10
-2194
What is 11366 (base 7) in base 8?
5573
Convert 12742 (base 12) to base 5.
1302000
Convert 14336 (base 10) to base 11.
a853
What is 560 (base 10) in base 6?
2332
-413 (base 14) to base 8
-1441
2131323 (base 5) to base 2
1000111001101111
What is 23a (base 16) in base 8?
1072
What is -8110 (base 13) in base 9?
-26321
Convert -3a4 (base 11) to base 15.
-21c
Convert -1222 (base 5) to base 3.
-20221
What is 4523 (base 8) in base 7?
6650
Convert 38bc (base 14) to base 5.
304331
What is -4125 (base 7) in base 11?
-109a
1001110111000011 (base 2) to base 3
2001101211
What is -1101000111011 (base 2) in base 12?
-3a77
-137 (base 16) to base 12
-21b
Convert 338 (base 16) to base 9.
1115
What is -103300 (base 4) in base 11?
-a4a
Convert 3046 (base 10) to base 12.
191a
58c (base 15) to base 4
103221
What is -3d58 (base 16) in base 14?
-5a1a
45203 (base 8) to base 14
6d47
1255 (base 14) to base 11
245a
Convert -10545 (base 10) to base 5.
-314140
Convert 10110000000111 (base 2) to base 15.
3516
What is dd5 (base 14) in base 7?
10655
Convert 1691 (base 11) to base 3.
2221220
2023 (base 4) to base 7
256
-6e22 (base 15) to base 16
-5b88
What is 5da (base 16) in base 7?
4240
Convert -25 (base 14) to base 3.
-1020
67b (base 14) to base 9
1677
Convert 11011122 (base 3) to base 11.
2315
Convert -114144 (base 5) to base 12.
-25a3
133773 (base 8) to base 4
23133323
What is -b02 (base 15) in base 3?
-10101202
219 (base 14) to base 9
511
199 (base 10) to base 7
403
Convert -10841 (base 9) to base 14.
-28d8
222 (base 6) to base 15
5b
What is 7327 (base 16) in base 9?
44384
Convert -1201002 (base 3) to base 8.
-2334
35432 (base 10) to base 5
2113212
10543 (base 12) to base 9
32446
What is -3300 (base 11) in base 14?
-1832
Convert 216 (base 11) to base 2.
100000011
650 (base 7) to base 15
16e
61 (base 15) to base 6
231
-1103 (base 9) to base 15
-393
270 (base 11) to base 13
1b7
-3325 (base 9) to base 12
-1505
-122 (base 7) to base 2
-1000001
Convert -38c0 (base 15) to base 2.
-10111101001001
Convert -1395 (base 11) to base 12.
-105a
1001001011 (base 2) to base 6
2415
3120 (base 9) to base 6
14330
4612 (base 7) to base 4
122023
-35d0 (base 15) to base 2
-10110010110101
What is -2774 (base 12) in base 2?
-1000111001000
Convert -18c5 (base 16) to base 4.
-1203011
What is -26a9 (base 12) in base 13?
-2043
-2001111211 (base 3) to base 5
-2243333
Convert 11510 (base 6) to base 16.
6a2
15208 (base 10) to base 14
5784
-206462 (base 7) to base 2
-1000110001001000
What is -1dd (base 14) in base 9?
-474
-20946 (base 10) to base 2
-101000111010010
What is -1a6 (base 12) in base 4?
-10032
What is -100001011100100 (base 2) in base 3?
-212111020
What is -16488 (base 9) in base 10?
-11339
What is 19 (base 12) in base 5?
41
What is -3500 (base 12) in base 13?
-28c2
What is -400434 (base 6) in base 16?
-7a26
Convert 168 (base 14) to base 5.
2123
155 (base 11) to base 3
20201
Convert -1010111110011 (base 2) to base 15.
-19e9
Convert 11011011 (base 2) to base 7.
432
Convert -5640 (base 8) to base 4.
-232200
What is -4032 (base 8) in base 9?
-2754
What is 1411b (base 12) in base 2?
110110010100111
-3b16 (base 13) to base 4
-2010111
-29c7 (base 14) to base 12
-436b
-2d17 (base 14) to base 12
-47b5
465 (base 9) to base 2
101111111
What is -20240 (base 5) in base 15?
-5d0
What is -1654 (base 12) in base 9?
-3571
What is -3093 (base 10) in base 16?
-c15
What is 11021210 (base 3) in base 11?
2392
2303 (base 10) to base 6
14355
Convert -352 (base 12) to base 8.
-756
Convert 2a703 (base 11) to base 10.
43442
Convert -122020 (base 7) to base 6.
-251141
What is -1341120 (base 5) in base 2?
-110110000001100
Convert -33010112 (base 4) to base 2.
-1111000100010110
3120 (base 7) to base 10
1092
What is -207 (base 10) in base 12?
-153
Convert 125323 (base 6) to base 9.
16776
32707 (base 8) to base 13
6360
What is 745 (base 9) in base 7?
1526
What is 101021 (base 5) in base 9?
4423
What is -53c (base 16) in base 5?
-20330
862 (base 16) to base 7
6154
45292 (base 10) to base 15
d647
Convert -106016 (base 9) to base 12.
-30866
What is -24131 (base 5) in base 6?
-12143
Convert -1541 (base 12) to base 10.
-2497
What is -cc5b (base 15) in base 7?
-240125
Convert 1233 (base 10) to base 4.
103101
What is 4d13 (base 15) in base 16?
403b
What is -1101 (base 5) in base 6?
-411
-1184 (base 15) to base 5
-104344
What is -23